 + 8*a - 5. List the prime factors of m(q).
19
List the prime factors of 9 - (105/5)/3.
2
Let b(d) = 9*d**2 - 8. What are the prime factors of b(8)?
2, 71
Suppose 5*i = i - 56. Let z be (-5)/1 - (-16 - i). What are the prime factors of (-4)/z*558/12?
2, 31
Suppose 6 + 6 = 3*s. Suppose s*h = -4*a + 84 + 12, -5*h = 25. List the prime factors of a.
29
Let r(j) be the second derivative of -23*j**3/6 + j**2/2 - j. Let w = 1 + -2. What are the prime factors of r(w)?
2, 3
Suppose 0 = -5*d - 30 - 135. Let z = d - -142. What are the prime factors of z?
109
Let t be 5/((-45)/(-12))*-3. Let n be (-18)/t + (-4)/8. Suppose r - 3*s = 32, n*r - 160 = 2*s - 6*s. What are the prime factors of r?
2, 19
Let y = 193 + -20. Suppose 2*s + 496 = 4*u, 4*s - y = -4*u + 311. List the prime factors of u.
3, 41
Suppose 0 = -5*x - n + 47, 0 = 2*x - 7*x + n + 53. Suppose -3*v = v + 3*q - 279, 0 = -2*q + x. List the prime factors of v.
2, 3, 11
What are the prime factors of (9/(-3) + 2)/((-9)/4959)?
19, 29
Let s(g) = -5*g**2 + 7 - 4*g + 0*g**2 + 4*g**2. Let v(a) = -a**3 - 12*a**2 - 11*a - 5. Let q be v(-11). What are the prime factors of s(q)?
2
Let k(w) = w + 11. Suppose 9 = 3*t + 3*p, 5*t + 4*p - 15 = -0*p. Suppose 0 = 4*c + 2*m - 26, c + 3*m = -t*c + 23. What are the prime factors of k(c)?
19
Let w = -91 + 420. List the prime factors of w.
7, 47
Let d be (-294)/10 - 4/(-10). Let x = d + 59. What are the prime factors of x?
2, 3, 5
Suppose 5*y - 6 = 3*y. Suppose 2*l = -y*l. Suppose l = k - 4*k + 33. List the prime factors of k.
11
Let b = 2 - -12. Suppose -60 - b = -j. Suppose -3*f = -4*z + j, 0 = -z - 2*z + 5*f + 50. List the prime factors of z.
2, 5
What are the prime factors of (-8)/6*(-3)/2 + 505?
3, 13
Suppose -2*k - 4*l = -6*k, -4*l + 8 = 0. Suppose 5*v - 25 = -0*v. Suppose 2*g = 8, -5*g = k*a - v*a - 11. What are the prime factors of a?
3
Suppose 7*c - 285 = 2*c. Suppose k = j - 0*j - c, 4*k - 57 = -j. List the prime factors of j.
3, 19
Let r(l) = -765*l - 40. What are the prime factors of r(-1)?
5, 29
Let z(y) = 5*y + 60. Let c be z(-14). What are the prime factors of 6*c*30/(-9)?
2, 5
List the prime factors of (-14)/(-49) + 190*12/7.
2, 163
Suppose -10*x = 4*j - 12*x - 1022, 759 = 3*j - 4*x. What are the prime factors of j?
257
Let m(b) = b**3 + 47*b**2 + 29*b + 274. List the prime factors of m(-44).
2, 3, 89
Suppose 0 = 2*t - 10. Suppose x - t*g + 18 = 0, -4*x - g + 8 = -2*x. What are the prime factors of ((-12)/(-18))/(x/237)?
79
Let z(p) = p**3 + 14*p**2 + 4*p. Let x be z(-8). Suppose 14*b - 18*b = -x. List the prime factors of b.
2, 11
Suppose -3*x + 12 = -3*i, -x = x + 2*i - 8. Let l be (0 - 1)/(x/(-112)). Let t = l - 13. List the prime factors of t.
3, 5
Let r(a) = a**3 - 2*a**2 - 2*a + 5. Let p be r(0). Suppose 22 = -p*b - 3, -t = 2*b - 39. List the prime factors of t.
7
Let k be 2*(11 + -2) + 3. Let w = k - -4. Suppose -w = -n - 4*n. List the prime factors of n.
5
Let o(a) = -a**3 - 3*a**2 - 2*a - 2. Let v be o(-3). Suppose v*s + 2 = 30. Suppose -s*f + 2*f = -10. List the prime factors of f.
2
Suppose -4*n + 5*q + 15398 = 0, 0 = 3*n - q - 9655 - 1888. What are the prime factors of n?
3847
Let v = 80 + -68. Let m = v - -2. What are the prime factors of m?
2, 7
Let v = 440 + 299. What are the prime factors of v?
739
Suppose -5*a - 16219 = 28381. List the prime factors of (-3)/7 + a/(-70).
127
What are the prime factors of 16/3*(-3 - (-1908)/24)?
2, 3, 17
Suppose -13*f = -9*f. Let r be 185 + f + 0 + -2. Suppose 4*i - r = i. List the prime factors of i.
61
List the prime factors of (-1990)/8*-5 - 81/108.
11, 113
Let c(k) be the third derivative of 13/6*k**3 - 1/12*k**4 + 0*k + 0 - 11*k**2. List the prime factors of c(-7).
3
Let v be 28/(-6)*(-24)/28. Suppose 4*o - 1024 = -v*o. What are the prime factors of o?
2
Suppose 4*p + 10*g = 15*g + 1051, 0 = -5*p + 2*g + 1335. What are the prime factors of p?
269
Suppose 31 = -3*h - 32. Let b be (-6)/h - 376/(-7). Suppose -b = -2*p - 10. What are the prime factors of p?
2, 11
Let b(h) = 21*h**2 + 2*h + 1. Let x be b(-2). Let s = x - 117. Let v = -14 - s. What are the prime factors of v?
2, 11
Let f = 74 - 50. Let h = -5 - 2. Let n = h + f. What are the prime factors of n?
17
Let p(h) = -184*h**3 - 2*h**2 + 11*h + 32. What are the prime factors of p(-2)?
2, 11, 67
Suppose u - 668 = -4*s, -4*u + 1044 = -4*s - 1708. List the prime factors of u.
2, 3, 19
Suppose 4*o + 113 = -111. Suppose -p + 2 = -87. Let f = p + o. What are the prime factors of f?
3, 11
Suppose 2*f + 2*m - 1522 = 0, 8*f - 3*m - 2277 = 5*f. What are the prime factors of f?
2, 5, 19
Let w = 148 - 89. Suppose q - 2*v - w = 0, q - 286 = -4*q + v. What are the prime factors of q?
3, 19
Let v(q) = -11*q**3 + 1. Let x(t) = -5*t**2 - 2*t + t**3 - 7 - 2*t**3 + 7*t. Let f be x(-6). List the prime factors of v(f).
2, 3
Let a be 10/3*1386/35. Suppose 7*g + a = 10*g. Let v = 5 + g. What are the prime factors of v?
7
Let t = -150 - -330. Let p = t - 102. Let k = -56 + p. What are the prime factors of k?
2, 11
Let h = 48 - 27. Let r = -13 + h. List the prime factors of 2 - 12/r*-14.
23
Suppose -3*l + 4*l = 124. Suppose -5*n + 9*n = l. List the prime factors of n.
31
Let h(y) = -y**3 + 4*y**2 + 2*y - 1. Let s be h(-2). Suppose s + 13 = 2*a. What are the prime factors of a?
2
What are the prime factors of (-7160)/3*84/(-112)?
2, 5, 179
Let a(m) = m**3 - 18*m**2 - 14*m + 76. List the prime factors of a(23).
2399
Suppose -11 = -6*j + 1. Let g be (-1 - -2)*(2 + 1). Suppose -g*w = j*w + 4*c - 283, -w = -2*c - 65. List the prime factors of w.
59
Suppose -12*s + 7*s - 70 = 0. Let l = 30 - 18. List the prime factors of l/(-42) - 32/s.
2
Let u(x) = -59*x**2 + 11*x + 19. Let k(s) = -12*s**2 + 2*s + 4. Let o(y) = -11*k(y) + 2*u(y). What are the prime factors of o(2)?
2, 5
Suppose 2370 = -z + 2*z. What are the prime factors of z?
2, 3, 5, 79
Let f = 61 + -191. Let z = f - -292. List the prime factors of z.
2, 3
Suppose -17*c + 2218 = -2763. What are the prime factors of c?
293
Suppose 0*l + 6 = -3*l. What are the prime factors of 4/(-2) + l - (9 - 245)?
2, 29
Let j = -29 + 33. Let v(l) = -5*l**2 + 5*l - 3. Let o be v(j). Let b = o + 88. What are the prime factors of b?
5
Let v(n) = -4*n - 3. Suppose 2*u + 2*g = -2*u - 14, 6 = 3*u - 4*g. Let t be v(u). Let h = t - 3. List the prime factors of h.
2
Let k(u) = u**2 + 6*u - 11. Let y be k(-8). Let n = 5 - y. Suppose n = -5*i + 75 - 0. What are the prime factors of i?
3, 5
Suppose j - 345 - 1572 = -4*g, -5*g + 3*j + 2392 = 0. List the prime factors of g.
479
Let s(d) = -4*d + 3. Let y be s(-15). Suppose 0 = -3*l + 3*b + y, 5*b - 17 = -2*l + 53. Suppose 2*x = 73 - l. What are the prime factors of x?
2, 3
Let x = 1505 + 346. List the prime factors of x.
3, 617
Let x = 207 - -64. Let y = x - 162. What are the prime factors of y?
109
Suppose 0 = -c + 3*c + 2*s + 18, -3*s + 3 = 0. Let d(n) = -n**2 - 12*n + 7. List the prime factors of d(c).
3
Let c(n) = -23*n. Let p = -17 + 11. Let b = p - -5. List the prime factors of c(b).
23
Let k be (-44)/(-8) + (-1)/2. Let g = k + 3. Let f(t) = -t**3 + 9*t**2 - 4*t - 7. What are the prime factors of f(g)?
5
Let w be ((-6)/36*-4)/(2/1146). Let l = w + -128. List the prime factors of l.
2, 127
Suppose 4*v = -4*g + 8, 10 = v - 4*v + 5*g. Suppose v = -3*l + 8*l - 5. List the prime factors of (1 - 3)/l + 17.
3, 5
Let a be (2*1/(-3))/(4/30). What are the prime factors of 169 + (-1 - 19)/a?
173
Let q(x) = -6*x**3 - x**2 + x + 1. Let p be q(-1). Let n(b) = -b - 7. Let o be n(p). Let g(u) = u**3 + 12*u**2 - 2*u - 8. What are the prime factors of g(o)?
2
What are the prime factors of (-131864)/(-48) + (-37)/6 + 6?
41, 67
Let l = -1067 - -1498. List the prime factors of l.
431
Suppose 2*p = 5*b - 0*p - 670, -2*b = 5*p - 268. Suppose -5*m - 4*o = -3*m - b, 4*m - 274 = -2*o. List the prime factors of m.
3, 23
Suppose -2*z = -14*a + 15*a - 3646, -5*z + 9117 = 2*a. List the prime factors of z.
5, 73
Suppose 5*x = 7*x - 26. Let u(f) = -x + 10 - 4*f**2 + 7 + 3*f + f**3. What are the prime factors of u(4)?
2
Suppose -5*u - 236 = -r, 0 = -2*r + 4*u - 2*u + 512. What are the prime factors of r?
3, 29
Let z be 1 - (-5)/(20/336). Suppose -173 - 21 = -2*y. Suppose y = 2*m + 3*u, 2*m - z = -0*m + u. List the prime factors 